{"id":65,"date":"2014-12-31T16:41:23","date_gmt":"2014-12-31T16:41:23","guid":{"rendered":"https:\/\/ti.informatik.uni-leipzig.de\/ml-group\/?page_id=65"},"modified":"2020-09-11T14:03:16","modified_gmt":"2020-09-11T12:03:16","slug":"impressum","status":"publish","type":"page","link":"https:\/\/nmi.informatik.uni-leipzig.de\/ml-group\/impressum\/","title":{"rendered":"Impressum"},"content":{"rendered":"<h3>Inhaltlich verantwortlich gem\u00e4\u00df \u00a7 5 TMG bzw. \u00a7 55 RStV:<\/h3>\n<p>Prof. Dr. Martin Bogdan<br \/>\nUniversit\u00e4t Leipzig<br \/>\nFakult\u00e4t f\u00fcr Mathematik und Informatik<br \/>\nAbteilung Neuromorphe Informationsverarbeitung<br \/>\nAugustusplatz 10, Raum P 531<br \/>\n04109 Leipzig<\/p>\n<p>Postanschrift: Postfach 10 09 20, 04009 Leipzig<\/p>\n<h3>Barrierefreiheit<\/h3>\n<p>Eine <a href=\"https:\/\/ti.informatik.uni-leipzig.de\/ml-group\/erklaerung-zur-barrierefreiheit\/\">Erkl\u00e4rung zur Barrierefreiheit<\/a> unserer Webseite finden Sie <a href=\"https:\/\/ti.informatik.uni-leipzig.de\/ml-group\/erklaerung-zur-barrierefreiheit\/\">hier<\/a>.<\/p>\n<h3>Haftung<\/h3>\n<p>Der Lehrstuhl Technische Informatik (TI) stellt sein Internetangebot unter folgenden Nutzungsbedingungen zur Verf\u00fcgung:<br \/>\nTI ist als Diensteanbieter nach \u00a7 8 Abs. 1 TDG f\u00fcr die eigenen Inhalte, die es zur Nutzung bereith\u00e4lt, nach den allgemeinen Vorschriften verantwortlich. Die Haftung f\u00fcr Sch\u00e4den materieller oder ideeller Art, die durch die Nutzung der Inhalte verursacht wurden, ist ausgeschlossen, sofern nicht Vorsatz oder grobe Fahrl\u00e4ssigkeit vorliegt. Soweit ein Text von dritter Seite erstellt ist, wird der jeweilige Verfasser namentlich benannt. In diesen F\u00e4llen ist der Verfasser des jeweiligen Dokuments bzw. sein Auftraggeber f\u00fcr den Inhalt verantwortlich. TI ist gem\u00e4\u00df \u00a7 8 Abs. 2 TDG nicht verpflichtet, die von ihm \u00fcbermittelten oder gespeicherten fremden Informationen zu \u00fcberwachen oder nach Umst\u00e4nden zu forschen, die auf eine rechtswidrige T\u00e4tigkeit hinweisen. TI macht sich den Inhalt, der innerhalb seines Angebots per Hyperlinks zug\u00e4nglich gemachten fremden Websites ausdr\u00fccklich nicht zu eigen und kann deshalb f\u00fcr deren inhaltliche Korrektheit, Vollst\u00e4ndigkeit und Verf\u00fcgbarkeit keine Gew\u00e4hr leisten. TI hat keinen Einfluss auf die aktuelle und zuk\u00fcnftige Gestaltung und auf Inhalte der gelinkten Seiten.<\/p>\n","protected":false},"excerpt":{"rendered":"<p>Inhaltlich verantwortlich gem\u00e4\u00df \u00a7 5 TMG bzw. \u00a7 55 RStV: Prof. Dr. Martin Bogdan Universit\u00e4t Leipzig Fakult\u00e4t f\u00fcr Mathematik und Informatik Abteilung Neuromorphe Informationsverarbeitung Augustusplatz 10, Raum P 531 04109 Leipzig Postanschrift: Postfach 10 09 20, 04009 Leipzig Barrierefreiheit Eine Erkl\u00e4rung zur Barrierefreiheit unserer Webseite finden Sie hier. Haftung Der Lehrstuhl Technische Informatik (TI) stellt [&hellip;]<\/p>\n","protected":false},"author":1,"featured_media":0,"parent":0,"menu_order":0,"comment_status":"closed","ping_status":"open","template":"single-impressum.php","meta":{"_acf_changed":false,"footnotes":""},"acf":[],"_links":{"self":[{"href":"https:\/\/nmi.informatik.uni-leipzig.de\/ml-group\/wp-json\/wp\/v2\/pages\/65"}],"collection":[{"href":"https:\/\/nmi.informatik.uni-leipzig.de\/ml-group\/wp-json\/wp\/v2\/pages"}],"about":[{"href":"https:\/\/nmi.informatik.uni-leipzig.de\/ml-group\/wp-json\/wp\/v2\/types\/page"}],"author":[{"embeddable":true,"href":"https:\/\/nmi.informatik.uni-leipzig.de\/ml-group\/wp-json\/wp\/v2\/users\/1"}],"replies":[{"embeddable":true,"href":"https:\/\/nmi.informatik.uni-leipzig.de\/ml-group\/wp-json\/wp\/v2\/comments?post=65"}],"version-history":[{"count":10,"href":"https:\/\/nmi.informatik.uni-leipzig.de\/ml-group\/wp-json\/wp\/v2\/pages\/65\/revisions"}],"predecessor-version":[{"id":1973,"href":"https:\/\/nmi.informatik.uni-leipzig.de\/ml-group\/wp-json\/wp\/v2\/pages\/65\/revisions\/1973"}],"wp:attachment":[{"href":"https:\/\/nmi.informatik.uni-leipzig.de\/ml-group\/wp-json\/wp\/v2\/media?parent=65"}],"curies":[{"name":"wp","href":"https:\/\/api.w.org\/{rel}","templated":true}]}}